 Calculate j(-16).
6
Let o(d) = -d**3 - 52*d**2 + 929*d + 380. Determine o(-66).
50
Let l(g) = -1378*g - 35842. What is l(-26)?
-14
Let i(z) = -z**2 + 62*z + 677. What is i(-10)?
-43
Let o(l) = -3*l**3 - 3*l**2 + 35*l + 99. Determine o(-4).
103
Let o(q) = 9*q**2 - 47*q - 99. What is o(8)?
101
Let h(l) = -l**3 - 4*l**2 - l + 96. Calculate h(0).
96
Let p(b) = 4*b**2 - 69*b - 100. What is p(19)?
33
Let q(j) = 31*j + 40. What is q(2)?
102
Let x(f) = -f**3 - 5*f**2 - 22*f - 199. Determine x(-6).
-31
Let p(t) = -3274*t + 9849. Give p(3).
27
Let x(z) = -2*z**3 + 5*z**2 + 3*z - 26. Determine x(3).
-26
Let m(c) = c**3 + 13*c**2 + 21*c + 5. Calculate m(-9).
140
Let a(l) = 54*l**2 + 64*l - 189. Give a(3).
489
Let t(b) = 809*b + 9732. Determine t(-12).
24
Let z(a) = a**2 + 29*a + 88. Calculate z(-25).
-12
Let f(h) = -41*h - 740. Give f(-23).
203
Let s(u) = -2*u**3 + 15*u**2 - 21*u + 22. Calculate s(9).
-410
Let q(i) = i**2 + 87*i + 1383. Determine q(-21).
-3
Let r(n) = 32*n + 2043. Calculate r(-64).
-5
Let s(d) = -d**3 - 5*d**2 - d + 7. Determine s(-3).
-8
Let f(w) = 3*w**2 + 140*w - 105. What is f(-48)?
87
Let y(d) = d**2 - 13*d + 59. Determine y(5).
19
Let s(d) = -2*d**2 + 115*d - 685. Give s(7).
22
Let u(v) = 4*v**3 - 88*v**2 - v + 25. What is u(22)?
3
Let x(z) = 36*z**2 - 446*z + 196. Determine x(12).
28
Let w(q) = -q**2 + 17*q + 19. Calculate w(27).
-251
Let d(u) = -2*u**3 + 41*u**2 + 418*u - 300. What is d(-8)?
4
Let a(w) = w**3 + 52*w**2 + 13*w + 669. Calculate a(-52).
-7
Let l(r) = -r**2 - 364*r + 365. Give l(1).
0
Let n(l) = 2*l + 6. Calculate n(9).
24
Let n(t) = -12*t + 47. Calculate n(-11).
179
Let v(b) = 118*b + 2705. What is v(-23)?
-9
Let u(i) = -i**3 - 15*i**2 - 51*i - 495. Determine u(-14).
23
Let m(t) = 92*t - 674. Determine m(13).
522
Let a(f) = 13*f**2 - 233*f - 32. What is a(18)?
-14
Let a(w) = -3*w**3 - 48*w**2 - 86*w - 32. Calculate a(-14).
-4
Let n(u) = -568*u + 2258. Determine n(4).
-14
Let u(f) = 6*f**2 - 3465*f - 56979. Give u(-16).
-3
Let j(a) = -a**2 + 30*a + 106. Determine j(26).
210
Let x(z) = 4*z - 94. Give x(17).
-26
Let c(q) = 40*q + 328. Calculate c(0).
328
Let u(v) = v**2 - 31*v - 240. Give u(56).
1160
Let r(f) = f**3 + 52*f**2 - 21*f - 1076. Calculate r(-52).
16
Let n(x) = 25*x**2 + 75*x - 1000. What is n(5)?
0
Let i(l) = -l**3 + 10*l**2 - 6*l - 49. What is i(11)?
-236
Let b(s) = 6*s - 144. Determine b(-20).
-264
Let p(k) = 32*k**3 - 7*k**2 + 61*k - 140. Determine p(3).
844
Let r(c) = -c**2 - 30*c - 12. Calculate r(-16).
212
Let t(p) = 2*p**3 + 13*p**2 + 23*p - 1. What is t(-2)?
-11
Let c(h) = -2*h**2 - 111*h + 202. Determine c(-58).
-88
Let d(f) = -3*f**2 - 10*f - 3. Give d(-2).
5
Let c(l) = 23*l - 387. Calculate c(17).
4
Let q(w) = -w**2 + 4769*w + 9542. Determine q(-2).
0
Let w(t) = t**2 - 66*t + 677. What is w(52)?
-51
Let a(j) = -189*j - 2098. Give a(-10).
-208
Let a(q) = -8*q**2 + 9*q + 63. Determine a(-5).
-182
Let x(h) = -h**3 - 5*h**2 - 14*h - 24. Determine x(8).
-968
Let m(t) = t**3 + 97*t**2 + 89*t - 667. Determine m(-96).
5
Let x(y) = 6*y**2 + 45*y + 59. What is x(-7)?
38
Let x(n) = 1431*n + 10027. What is x(-7)?
10
Let s(m) = m**3 + 52*m**2 + 141*m - 305. Give s(-49).
-11
Let t(s) = -7*s**2 - 48*s - 21. What is t(-6)?
15
Let u(z) = 17*z + 311. Determine u(-15).
56
Let g(l) = -3*l**2 - 29*l - 42. Calculate g(-11).
-86
Let l(r) = 205*r**2 + 3283*r + 51. Determine l(-16).
3
Let d(x) = 24*x**2 + 1022*x - 430. Give d(-43).
0
Let z(c) = -15*c + 983. Give z(66).
-7
Let a(h) = 9*h + 496. Determine a(-43).
109
Let j(r) = 13*r + 76. Give j(-5).
11
Let o(z) = -3052*z + 15271. What is o(5)?
11
Let j(o) = -124*o + 130. What is j(3)?
-242
Let y(i) = 709*i - 1368. Give y(2).
50
Let i(u) = 4*u**2 + 708*u - 705. Calculate i(-178).
7
Let a(o) = 10*o + 188. Calculate a(-27).
-82
Let l(t) = 2*t**3 - 15*t**2 - 4*t + 37. What is l(8)?
69
Let m(u) = 291*u**2 - 2*u - 4. What is m(-1)?
289
Let t(g) = 896*g - 3568. Calculate t(4).
16
Let c(k) = 51*k + 416. Calculate c(-8).
8
Let j(y) = 2*y**3 + 130*y**2 - 123*y + 615. What is j(-66)?
21
Let u(k) = 98*k - 1913. Give u(19).
-51
Let v(p) = -94*p + 13352. Calculate v(142).
4
Let f(p) = -51*p + 1292. Give f(27).
-85
Let y(r) = 19*r**2 + 304*r - 28. Give y(-16).
-28
Let c(a) = 5*a**3 - 151*a**2 + 36*a - 106. Calculate c(30).
74
Let b(m) = -m**3 - 25*m**2 + 3*m - 482. Determine b(-26).
116
Let q(p) = -p**2 - 105*p - 425. Determine q(-102).
-119
Let d(t) = 25*t + 274. What is d(-10)?
24
Let d(p) = -8127*p - 8127. Determine d(-1).
0
Let k(x) = -x**3 - 35*x**2 + 33*x - 202. What is k(-36)?
-94
Let n(c) = -126*c - 431. What is n(-3)?
-53
Let j(t) = -35*t - 263. Calculate j(-8).
17
Let b(k) = -k**3 + 48*k**2 + 45*k + 94. Give b(49).
-102
Let o(u) = 9*u**3 + 619*u**2 - 769*u + 76. Give o(-70).
6
Let n(g) = 2*g**2 + 24*g + 86. What is n(-9)?
32
Let l(s) = s**3 + 21*s**2 - 56*s - 187. What is l(4)?
-11
Let u(o) = -1768*o + 144975. Calculate u(82).
-1
Let b(c) = -9*c**3 - 4*c**2 + 7*c + 21. What is b(-4)?
505
Let l(z) = -z**3 + z**2 + 9*z - 30. Calculate l(3).
-21
Let x(b) = 7*b**3 - 8*b**2 + 136*b - 131. What is x(1)?
4
Let s(h) = 879*h - 4422. Calculate s(5).
-27
Let m(g) = g**2 + 559*g - 36464. Give m(59).
-2
Let k(d) = 8*d**2 + 62*d - 89. Determine k(-9).
1
Let s(o) = 14*o**3 + 841*o**2 + 59*o - 66. Give s(-60).
-6
Let r(p) = 65*p - 189. Give r(4).
71
Let c(x) = -5*x**3 - 10*x**2 + 29*x + 42. Give c(-3).
0
Let q(f) = f**3 + 7*f**2 - 29*f + 2. Give q(-11).
-163
Let n(c) = c**2 - 23*c - 112. Determine n(33).
218
Let y(n) = -8*n - 86. Give y(-15).
34
Let i(v) = 105*v - 1568. Calculate i(17).
217
Let j(t) = 28*t**3 - t**2 + t - 9. Determine j(2).
213
Let p(l) = 23*l + 476. Calculate p(-11).
223
Let c(w) = 53*w + 909. Calculate c(-17).
8
Let j(o) = -5*o**3 + 10*o - 44. Give j(0).
-44
Let i(q) = 2*q + 371. Calculate i(-81).
209
Let s(k) = 89*k + 24. Calculate s(0).
24
Let h(m) = -20*m**2 + 1856*m + 405. What is h(93)?
33
Let f(x) = 2*x**3 - 2*x**2 + 9*x - 21. What is f(2)?
5
Let w(x) = 199*x + 2816. Give w(-14).
30
Let n(x) = 79*x**2 - 8*x - 6. Calculate n(-1).
81
Let i(o) = 3*o**2 + 8*o - 606. What is i(13)?
5
Let z(d) = -17*d - 22. Determine z(14).
-260
Let z(m) = -13*m + 194. Calculate z(15).
-1
Let c(q) = -3*q**2 - 47*q + 66. Determine c(-21).
-270
Let u(s) = s**3 + 19*s**2 - 25*s - 54. Calculate u(-20).
46
Let p(a) = a**3 - 23*a**2 + 38*a - 25. Calculate p(21).
-109
Let u(n) = 147*n - 1783. Calculate u(12).
-19
Let q(k) = 2*k**3 + 48*k**2 + 22*k + 526. What is q(-24)?
-2
Let p(h) = -88*h + 1. Calculate p(0).
1
Let a(i) = 2*i**3 + 94*i**2 + i + 21. Give a(-47).
-26
Let b(a) = 2*a**2 - 142*a - 2909. Calculate b(-17).
83
Let m(n) = -64*n**2 - 122*n - 4. What is m(-2)?
-16
Let l(w) = w**2 - 25*w + 68. Give l(3).
2
Let z(t) = -20*t + 669. Determine z(30).
69
Let a(d) = 3*d**2 - 61*d + 18. Determine a(20).
-2
Let n(r) = 524*r - 488. What is n(1)?
36
Let l(o) = -11*o**2 - 14*o - 67. Give l(-4).
-187
Let c(h) = -87*h + 20. Calculate c(3).
-241
Let p(l) = l**2 - 34*l - 102. Calculate p(37).
9
Let t(j) = -2*j**3 + 30*j**2 - 105*j + 25. What is t(5)?
0
Let a(m) = m**3 + 19*m**2 + 7*m + 128. Give a(-19).
-5
Let n(p) = -p**3 - 29*p**2 + 1187*p - 483. Determine n(-52).
-15
Let d(h) = 160*h - 3998. Give d(20).
-798
Let j(d) = 96*d - 294. Determine j(-1).
-390
Let c(y) = 1333*y - 9337. Give c(7).
-6
Let k(j) = 5898*j + 94362. Determine k(-16).
-6
Let l(k) = -k**3 + 20*k**2 - 12*k + 348. What is l(20)?
108
Let p(k) = -32*k + 810. Give p(25).
10
Let o(v) = -33*v**3 + 4*v**2 + v - 2. Calculate o(-1).
34
Let p(n) = -654*n + 1310. Give p(2).
2
Let i(p) = 3741*p - 187047. Calculate i(50).
3
Let n(y) = -237*y**2 + 4*y + 27. What is n(2)?
-913
Let l(v) = 19*v + 831. Calculate l(-43).
14
Let b(s) = s**2 + 45*s - 676. Calculate b(12).
8
Let w(j) = -21*j - 188. Calculate w(-6).
-62
Let q(x) = -x**3 - 8*x**2 + 5*x. Calculate q(-5).
-100
Let c(x) = -480*x - 9595. Calculate c(-20).
5
Let b(k) = k**3 - 15*k**2 - 38*k + 342. Determine b(16).
-10
Let w(t) = 5*t**2 - 23*t + 19. Determine w(5).
29
Let k(j) = -153*j - 1929. Give k(-12).
-93
Let l(d) = -d**3 + 20*d**2 - 49*d + 70. Calculate l(17).
104
Let p(o) = 8*o**2 - 59*o - 127. Determine p(-2).
23
Let y(h) = h**3 + 7*h**2 + 12*h - 76. Calculate y(5).
284
Let a(r) = 40*r -